 b(6). Suppose -7*m - 4 + t = 0. Suppose 42 = 4*v - 2*o, 0 = m*v - o - 57 + 24. What is the units digit of v?
2
What is the units digit of (-63)/21*656/(-6)?
8
Suppose 471 = 3*l - 2*h - 318, 5*h - 545 = -2*l. What is the tens digit of l?
6
Let l be -1 + -2*(-8)/1. What is the units digit of ((-153)/l)/(4/(-40))?
2
Let f = -6 + 6. Let g = -3 - -3. Suppose g = 4*h - 3*d - f*d - 128, -2*d = 3*h - 113. What is the tens digit of h?
3
Suppose -17*s - 14801 + 46540 = 0. What is the tens digit of s?
6
Let r(p) = -6*p + 3. Let w(o) = -o**3 - 2*o**2 - 4*o - 10. Let z be w(0). What is the units digit of r(z)?
3
Let k = 11 + 106. Suppose w - 14 = -r + 5, -3*r + 59 = 4*w. Suppose -5*b + k - r = 0. What is the tens digit of b?
2
Let g(c) be the first derivative of -c**4/12 - 10*c**3/3 + 4*c**2 - 8*c + 9. Let d(i) be the first derivative of g(i). What is the units digit of d(-17)?
9
Let q(m) = 3*m**3 - 3*m**2 + 3*m - 3. Let v be (-1 - 3/(-3))/(-2). Suppose v = -3*s + 6. What is the units digit of q(s)?
5
Suppose 18 = 4*c + 2*c. Suppose 0 = -2*t - t - 15, -c*v - 5*t = 37. What is the tens digit of ((-9)/2 - v)*-20?
1
Let r(h) = h**2 + 1. Let o be r(-1). Suppose 2*v + 8 = k, -o*k - 3*k = -4*v - 16. Suppose k*t + 106 = 4*t + 3*n, 0 = -5*n + 10. What is the tens digit of t?
2
What is the tens digit of -1 - 10 - (-122794)/98?
4
Let k be -19 - ((-2)/(-5))/(4/(-20)). What is the hundreds digit of (-20)/170 + (-1787)/k + 0?
1
Suppose 193 = -5*k + 3*h - h, 3*k - 3*h = -114. Let w = 28 + k. Let r = -3 - w. What is the units digit of r?
8
Let p(w) = 17*w - 3. Let d be p(3). Let f be 410/8 - 12/d. Let z = f + -21. What is the tens digit of z?
3
What is the hundreds digit of ((-1504)/(-12))/(13/39)?
3
Suppose -20*m + 12 = -16*m. Suppose -5*w - m*z = -536, -5*w + w + 5*z + 414 = 0. What is the hundreds digit of w?
1
Suppose -3*q - 3*f + 3081 = 0, 5*q = 5*f + 2576 + 2509. What is the tens digit of q?
2
What is the units digit of 0 - (5058/(-72))/((-1)/(-12))?
3
Suppose -28*q + 851 + 73 = 0. Let n = -1 + 0. Let y = q + n. What is the tens digit of y?
3
Suppose 0 = -5*b - 4*a - 9, b + 3 = 3*b - 5*a. Let z = b + 22. What is the tens digit of z?
2
Let u = 0 + 3. Suppose -a = 4*t - 1384, 2*t - 2*a + 24 - 706 = 0. Suppose -2*f = u*f - t. What is the tens digit of f?
6
Let t(q) = 9*q**2 - 15*q + 13. What is the hundreds digit of t(13)?
3
Let j(d) = 3*d**2 + 5*d - 3. Let m be j(4). Suppose -1 = b - m. Suppose 3*t + t = b. What is the units digit of t?
6
Let v be ((-18)/(-8))/(18/48). Let o(n) = n**2 - 2*n + 5. Let q be o(v). What is the units digit of q - 22 - 2/2?
6
Let q(l) = -l**2 - 36*l - 25. Suppose 230*r = 235*r + 90. What is the hundreds digit of q(r)?
2
Suppose -5 = 5*s - 5*v, 5*s - 24 + 13 = -3*v. What is the units digit of s?
1
Let r(t) = -t + 5. Let x be r(8). Let q be -899 + (x + -1)/4. What is the units digit of q/(-48) + 1/4?
9
Suppose -7*z + 4982 = -1143. What is the hundreds digit of z?
8
Suppose 45180 = 976*h - 958*h. What is the hundreds digit of h?
5
Let l = -7 - -70. What is the units digit of l/6 - (-3)/6?
1
Let d(i) = i**3 + i**2 - 7*i. Let a be d(-3). Suppose 4*m + 5*z = 168, -140 = -a*m - m + 2*z. What is the tens digit of m?
3
Let d = -2824 + 4505. What is the thousands digit of d?
1
Suppose 8*g + 27 = -2*p + 3*g, 5*p + 24 = 2*g. What is the units digit of 4 + p/(-4)*12?
2
Let c(g) = -159*g - 288. What is the units digit of c(-6)?
6
Let q(i) = -43*i + 78. What is the tens digit of q(-11)?
5
Let d = 18 + -14. Suppose d*t = 2*t - 10. Let f(m) = 3*m**2 - m - 3. What is the units digit of f(t)?
7
Suppose 2*t = -27*t + 29. Let v(q) = q**3 - q**2 + q + 21. Let y be v(0). Suppose 2*h - y = u, -5*u = -2*h + 5*h + t. What is the units digit of h?
8
Suppose 1077 = -b + 4*b + 3*w, -1811 = -5*b + 3*w. What is the tens digit of b?
6
What is the tens digit of (436/(-16))/(3 + 73/(-24))?
5
Suppose 5*n + 2*x + 674 = 9*n, -5*n - 5*x = -805. What is the hundreds digit of n?
1
Let a(w) = 21*w**2 + 2*w - 2. Let c be a(1). Let j = 16 + c. What is the tens digit of j?
3
Suppose 3*s - q = 7*s - 41, 3 = 3*q. Suppose 0 = k - 3*k + s. Suppose -k*d = 2*m - 7*m + 105, 0 = -5*m - d + 75. What is the tens digit of m?
1
Suppose 0 = -32*d + 37*d - 11145. What is the thousands digit of d?
2
Let l = -24 + 7. Let o = l + 44. What is the tens digit of o?
2
Let p be (8/(-3))/(26/663). Let i = p + 240. What is the hundreds digit of i?
1
Suppose 4*a + 9318 = 2*t, 2*t - 2491 - 6818 = a. What is the thousands digit of t?
4
Suppose -242 = -37*d + 35*d. What is the tens digit of d?
2
Suppose 0*x = 3*x + 12. Let m = x - -2. What is the tens digit of (-195)/(-12) + m/8?
1
Let i be -2 + 16*(3 + 2). Suppose -i = t - 4*t. Let b = 40 - t. What is the units digit of b?
4
Suppose 4*a - 3768 - 1128 = 0. What is the thousands digit of a?
1
Let b = 40 - 24. What is the units digit of (-34)/17 - 3/((-6)/b)?
6
Let j(k) = 2*k**3 - k**2 - 2*k - 1. Let t = 7 + -3. Let i be j(t). What is the units digit of i/7 - (-2)/7?
5
What is the hundreds digit of (-32)/((-120)/(-15)) - 921*-1?
9
Let k(p) = p**2 - 7*p + 131. What is the units digit of k(24)?
9
Let y(o) = 3*o**2 - o - 1. Let j be y(3). Suppose -4*p + 3*m = 68, 4*m + 18 = -p + 1. Let i = p + j. What is the units digit of i?
6
Suppose 3*w = v + 2160, v - 3600 = -5*w + 4*v. What is the units digit of w?
0
Let v = -1282 + 2293. What is the tens digit of v?
1
Let m(t) = -2*t**3 - 3*t**2 - 11*t + 7. What is the tens digit of m(-8)?
2
Suppose 70*i - 55*i - 780 = 0. What is the tens digit of i?
5
Let i(s) = -s + 20*s**2 + 2 - 20*s**2 + 12*s**2 + 2. What is the units digit of i(3)?
9
Let g be 5/((-30)/4)*-6. Suppose 35 = q - 0*q + 3*h, -4*h - 124 = -g*q. Suppose -r + 37 = q. What is the units digit of r?
5
Suppose 0 = -5*f + f. Suppose 6 = -2*m + 38. Let y = f + m. What is the units digit of y?
6
Suppose 0 = 8*y - 7*y - 5. Suppose -y*l + 0 = -35. Suppose 5*r + 34 = l*r. What is the tens digit of r?
1
Suppose 6*y = 16*y - 14560. What is the tens digit of y?
5
Let q(u) = 667*u + 2. What is the hundreds digit of q(1)?
6
What is the hundreds digit of 7/2*(-6096)/(-28)?
7
Let h(p) = 214*p - 32. What is the tens digit of h(3)?
1
Suppose -4*m - t = -4172, -2*m - 3*t + 1029 + 1047 = 0. What is the tens digit of m?
4
Let m be (-24)/(-9) + (5 - 1)/12. Suppose -l + 4*v = -257, -2*v + 751 = m*l + 50. What is the tens digit of l?
3
Let a = -14 + 17. What is the tens digit of 231/7*2/a?
2
Let s = -83 - -88. Suppose 0 = -d - 3*d + 12, s*d = 2*q - 281. What is the units digit of q?
8
Let l(v) be the first derivative of 3*v**2/2 - 19*v + 1. Let j be l(11). Let a = j + 8. What is the units digit of a?
2
Let g = 12 - 9. Suppose g*o - 67 - 65 = 0. Suppose -3*d - 2*d + 81 = 4*j, 0 = 4*d - 2*j - o. What is the units digit of d?
3
Suppose -3*o - o = 3*s - 628, 0 = 4*s - 16. What is the tens digit of o/8 + (-14)/56?
1
Suppose 3*h = -76 - 122. Let v = -190 + 156. Let q = v - h. What is the tens digit of q?
3
Suppose 0 = -q - y + 1, 2*y + 1 = 4*q - 5*q. What is the tens digit of (0 - q)/(334/(-111) + 3)?
3
Suppose 91*r - 90*r - 2 = 0. Let g = 0 + 0. Suppose g = -0*x + r*x - 22. What is the tens digit of x?
1
Let z be ((-36)/(-45))/((-2)/(-35)). Let c be ((-8)/z)/((-10)/35). Suppose -2*a + 16 = c*w, 55 = 5*w - 0*a + 2*a. What is the units digit of w?
3
Suppose -818 = -4*a + 1554. What is the tens digit of a?
9
Let m be (-88)/(-10) - 1/(-5). Suppose m + 6 = -v. Let r = 40 + v. What is the units digit of r?
5
Suppose 5*s - 9780 = -5*j, -7824 = 6*s - 10*s + 3*j. What is the thousands digit of s?
1
Let t(c) = c**2 + 3*c - 5. Let y = -3 + 8. Suppose -y*s + 35 = -10*s. What is the tens digit of t(s)?
2
Let m(h) = -h**2 - 5 + 7 - 8*h + 2*h**2 - 3. Suppose -4*b = -5*q - 69, -2 + 25 = 3*b + 2*q. What is the tens digit of m(b)?
3
Let m(x) = -3*x + 8. Let t be m(-11). Suppose 4*u - 23 - t = 0. What is the tens digit of u?
1
Suppose r + 895 = 5*w, -5*r + 47 = -w + 250. Let x = 261 - w. What is the tens digit of x?
8
Suppose -4*h + 3224 = 4*j, 0 = 5*j - 2*h + 5*h - 4030. What is the tens digit of j?
0
Suppose -3*t = 5*o - 656, 20*o - 222 = -t + 15*o. What is the tens digit of t?
1
Let d = -4815 + 7507. What is the units digit of d?
2
Let g be 2/4 + 250/4. Suppose 2*z + 2*m + 10 = 4*z, 3*m = -4*z + 20. Let